ulate v(m).
6
Let c be 2/8 + 71/4. Let h be 29/9 + (-4)/c. Let l(o) = -3*o - 3*o + h*o - 1. What is l(-1)?
2
Let x(p) = -p**2 + 3*p - 14. Let b(s) = 3*s**2 - 7*s + 29. Let y(z) = 2*b(z) + 5*x(z). Give y(0).
-12
Let o be (-2)/(-6) + (-42)/(-9). Let f(h) be the third derivative of 0*h + 1/24*h**4 - 7/6*h**3 - 1/120*h**6 + 1/12*h**5 - 2*h**2 + 0. Calculate f(o).
-2
Suppose 4*c = 5*c - 6*c. Suppose 0 = -g + 3 - 1. Let f(i) = i + g - 2*i - 7. Calculate f(c).
-5
Let g(i) = i**3 - 8*i**2 + 8*i - 6. Let t be -3*32/(-12) + -1. Calculate g(t).
1
Let i(t) = -t**2 - 5*t + 3. Suppose x - 5*k + 1 = 0, -5*x - 2*k - 28 = 4. Give i(x).
-3
Let z(g) = -g**3 + 3*g**2 + 4. Let p = -59 - -63. What is z(p)?
-12
Let d(x) = -6*x**3 + 3*x**2 + 3*x. Let u(t) = 6*t**3 - 4*t**2 - 4*t. Let b(f) = 3*d(f) + 2*u(f). Calculate b(-1).
6
Let c(t) = -3*t + 2. Suppose 2*l = 1 + 3, 3*l - 18 = -4*v. Determine c(v).
-7
Let p be 6/(4/(16/(-6))). Let d(a) = 3*a**2 + 2*a**2 - 6*a**2 - 4 - 4*a. Calculate d(p).
-4
Let l = -3 + -3. Let t(m) = -2*m - 4. Let n(v) = 2*v + 3. Let i(k) = l*t(k) - 7*n(k). Let y(z) = 2*z - 3. Let d(a) = 3*i(a) + 4*y(a). What is d(2)?
1
Let d(u) = 2*u - 3. Let k(a) = a - 1. Let s(z) = -2*d(z) + 5*k(z). Give s(-1).
0
Let m = -9 + 5. Let a = -6 - -12. Let j = a + m. Let i(r) = r**2 - 2*r. Determine i(j).
0
Let b be (19 + -4)*3/5. Let n(l) = -3*l + 4*l + 2 - l + 3*l**2 - 2*l. Let x(c) = -7*c**2 + 4*c - 4. Let q(a) = b*n(a) + 4*x(a). Determine q(-3).
-1
Let t(s) = -s**2 + 9*s + 12. Let b be t(9). Let y = 18 - b. Let a(f) = -f**2 + 4*f + 3. Give a(y).
-9
Let j(i) = -i + i - 8*i + 6*i. Give j(2).
-4
Let k(t) = -t**3 + 0*t**3 - 10*t + 10*t**2 + t**3 - 2*t**3 - 13. Let h(r) = -r**3 + 5*r**2 - 5*r - 6. Let m(u) = 5*h(u) - 2*k(u). Determine m(4).
-8
Let b(m) = -m**2 - 2. Suppose 0*w + 2*w = -4. Let k be b(w). Let n be ((-2)/6)/((-2)/k). Let o(v) = -3*v**3 - v**2 + 1. What is o(n)?
3
Suppose -3*d - 14 = 7. Let h(k) = k**3 + 7*k**2 - 2*k + 6. Give h(d).
20
Suppose 0*c + 4 = 2*c. Let z(d) = 6 - d**c + 3*d**2 - d**2. What is z(0)?
6
Let m(y) be the second derivative of y**5/20 - y**4/12 - y**3/6 - y**2/2 - y. Let t(o) = -o**3 + 4*o**2 + 2. Let s(h) = -2*m(h) - t(h). Calculate s(-3).
3
Let r(j) = 57*j - 5 - 110*j - 5 - j**2 + 62*j. Determine r(7).
4
Suppose 0 = 5*k - 0*k - 10. Let g(a) = 0*a**2 - a**k + 5*a + 0 + 5. Suppose -5*f - 24 = -s - 3*s, 0 = 4*f. Determine g(s).
-1
Let n(b) = b**2 + 2*b - 2. Suppose 3*i - 9 = -4*w, -3*i - 1 = -2*i. Determine n(w).
13
Let r(f) = f**2 + 7*f + 1. Let x be 26/6 - (-1)/(-3). Suppose -2*t + 18 = -0*t. Suppose -2*q = -x*v - 16, 4*v = -4*q - 37 + t. Give r(v).
-9
Let s(i) = -8*i**3 - 2*i**2 - 2*i + 3. Let b(v) = 12*v**3 + 3*v**2 + 3*v - 5. Let x(m) = 5*b(m) + 8*s(m). Give x(-1).
3
Let i = -2 - -6. Let d be ((-2)/(-4) + 0)*16. Let g(f) = -2 + 0*f + d - 2*f. Give g(i).
-2
Let s be 3/((-3)/2) + 2. Suppose -5*v + 10 = s, -3*x + 2*v = x - 8. Let w(h) = -h + 2. Determine w(x).
-1
Let u(h) be the second derivative of -h**5/20 + 5*h**4/12 - h**3/6 + 3*h**2 + 3*h. Calculate u(5).
1
Suppose 5*i - 2*i = 0. Suppose i*h - 12 = 3*h. Let q(r) be the second derivative of -r**5/20 - r**4/3 - r**3/3 - r**2/2 - r. Give q(h).
7
Let d be (-4)/2 + 5 + -2. Let v be 2*d - (-2 + -8). Suppose -v = 2*q + 2*q. Let t(w) = w**2 + w - 3. What is t(q)?
3
Let r be 24/4*2/4. Let n(s) = s - r*s - 4*s. What is n(-1)?
6
Let u(k) = -k**2 + 6*k - 2. Let x = -11 - -16. Determine u(x).
3
Let y(t) = t**3 + 7*t**2 + 13*t - 6. Let v(j) = -j**3 - 7*j**2 - 14*j + 6. Let n(x) = 6*v(x) + 7*y(x). Calculate n(-6).
-12
Suppose 0 = 2*l + 2 - 14. Let c(x) = x - 8. Determine c(l).
-2
Let s(z) = -z**2 + 10*z - 8. Let o be s(9). Let k(b) = -b**3 + 1. What is k(o)?
0
Let w(s) = 5*s**3 + 6*s**2 + s - 3. Let n(u) = 6*u**3 + 6*u**2 + 2*u - 3. Let k(j) = 6*n(j) - 7*w(j). Determine k(5).
3
Let y(j) be the third derivative of -j**6/120 - j**5/30 + j**4/6 + j**3/3 - 7*j**2. Let p be 2 - 1*9/(-3). Suppose -11 - 4 = p*a. Calculate y(a).
-1
Let i(a) = -5*a - 6. Let f(n) be the third derivative of -11*n**4/24 - 2*n**3 + n**2. Let p(v) = 4*f(v) - 9*i(v). What is p(-4)?
2
Let q(g) be the second derivative of 5*g**4/12 + g. Let n(o) = -o**2 + 7*o - 5. Let l(a) = 5*a + 1. Let z be l(1). Let j be n(z). Calculate q(j).
5
Let p(v) = -6*v - 292 + 0*v**2 + 293 + 2*v**2. Determine p(5).
21
Let r(f) be the third derivative of 0 - 1/15*f**5 - 1/2*f**3 + 1/24*f**4 - 2*f**2 + 0*f + 1/120*f**6. What is r(3)?
-9
Let v = -5 - -7. Let w(a) = 5*a + a**v - 5 + 0*a**2 - 2. Determine w(-5).
-7
Let k(f) = -3*f**2 + 11*f. Let d(q) = 2*q**2 - 10*q - 1. Let y(o) = 4*d(o) + 3*k(o). Suppose 3*j + j - 20 = 0. Suppose 0 = j*m + 27 - 2. What is y(m)?
6
Let k = 13 - 12. Let h(c) = 2*c - 1. Determine h(k).
1
Let m(s) = s**2. Let c be 1 - (2 - (3 - 3)). Let o(f) = -1 + f + 2*f + 2*f**2 + f + f. Let z(j) = c*o(j) + 3*m(j). Give z(4).
-3
Suppose 3*d - 14 = d. Let q(l) = -2*l + 5. What is q(d)?
-9
Let t(g) = -g - 9. Let w(u) = -u - 5. Let n(s) = 6*t(s) - 11*w(s). Determine n(-1).
-4
Let a(t) = -t**3 + 13*t**2 + 1. Let l be a(13). Suppose -3 = 4*k - 3*i, i + l + 3 = 3*k. Let u(n) = -n**2 + 3*n + 3. Determine u(k).
3
Let w(o) be the first derivative of o**4/4 + 4*o**3/3 - 3*o**2 - o + 6. Determine w(-5).
4
Let b(y) = y**2 - y - 2. Let t = -4 + 7. Let a = 10 - t. Let f(r) = r**3 - 8*r**2 + 8*r - 5. Let x be f(a). Calculate b(x).
0
Suppose -z + 4*z = -3, 3*k - z - 4 = 0. Let t be ((-1)/2)/(k/12). Let q(o) be the first derivative of o**2 + 8*o - 14. Determine q(t).
-4
Let x = 1 + 3. Let k(t) be the first derivative of -1/4*t**x + 3/2*t**2 + 5/3*t**3 - 1 - 7*t. Calculate k(5).
8
Let w be (5 + (-77)/14)*-1*10. Let c(l) = -l**2 + 7*l + 3. Give c(w).
13
Let x(c) = c**3 + 4*c**2 - 7*c - 1. Let k = 168 + -174. Determine x(k).
-31
Let c(w) = -w**3 - 5*w**2 + 3. Let a = 2 + -1. Suppose 3*t - 3*l + 4 = -11, -4*t - 3*l = -a. Let f be 2 + (-8 - 2/t). What is c(f)?
3
Let d(z) = z**2 + 2*z - 1. Let m be d(2). Let r = m - 5. Let j(l) = 5 + 2 - 2 - l**r - 2*l. Give j(-4).
-3
Let p(w) = w**2 - 6 - 6*w - 5*w + 7*w. Give p(6).
6
Let l(u) = 4*u**2 - u - 1. Let n be (0 - 1) + -4 + 4. Let f be l(n). Suppose f*d - 4*b + 9 = -3*b, -4*d + 4*b = 0. Let y(x) = 3*x. Determine y(d).
-9
Let f(a) = -7*a - 1. Let q(b) = -13*b - 2. Let r(c) = 11*f(c) - 6*q(c). Let i(s) = -s**2 + 5*s + 2. Let h be i(5). Let p be (h - 1)/(-1 + 0). Calculate r(p).
0
Let t(w) = -w - 10. Suppose -2*h = 6 + 6. Give t(h).
-4
Let q(n) = n**3 - 2*n**2 + n - 7. Let h be q(0). Let m(w) = -w**3 - 8*w**2 - 7*w + 4. Calculate m(h).
4
Let b = -4 + 6. Let k be ((-4)/b)/((-1)/2). Let f(j) = j**2 + k + 0*j**2 + 0. Determine f(0).
4
Let p(i) = -2 - i**2 + i**2 + i**3. Suppose 5*u = -4*t - 3 - 4, -3*t + 5*u + 21 = 0. Determine p(t).
6
Let p(v) = -9*v + 19*v + 10 - 11*v. Give p(0).
10
Let h(l) = -l**3 + 4*l**2 + 6*l + 7. Let s(t) = -t - 9. Let b be s(-12). Let k = b - -2. Suppose c - k*c = -5*y + 17, c - 17 = -3*y. Determine h(y).
12
Let l(p) = p**2 + p + 6. Let y be l(0). Let u(b) = -b**2 - 5*b - y*b + 10*b - b**2. Determine u(1).
-3
Let j(n) = -n**3 + 7*n**2 - 8*n + 5. Suppose 2*l = 7*l. Let c = 6 - l. Give j(c).
-7
Suppose 0*a = -3*a - 3. Let t(y) = y**2. What is t(a)?
1
Let w = 1 - -19. Suppose -4 + w = -4*a. Let j(r) = r - 1. Let z(m) = -3*m + 2. Let k(d) = -7*j(d) - 3*z(d). Determine k(a).
-7
Let k = 64 + -71. Let r(x) = x**3 + 8*x**2 + 6*x - 2. Give r(k).
5
Let u(d) = -2*d - 1. Let a(c) = 1. Let q(h) = a(h) + u(h). What is q(-3)?
6
Let l(p) be the second derivative of -p**3/3 + 3*p**2/2 - 8*p. What is l(5)?
-7
Let p(f) = 5*f**3 - 11*f**2 - 6*f + 6. Let u(b) = 4*b**3 - 11*b**2 - 5*b + 6. Let q(z) = -5*p(z) + 6*u(z). Give q(-11).
6
Let h(n) = 4 - 11 + 5*n**2 - 2*n**3 + n**3 + n. Give h(5).
-2
Let r(z) = z**3 + 5*z**2 + z - 7. Suppose 0 = y - 5*y - 20. Determine r(y).
-12
Let o(m) = -6*m**2 + m. Let u be (-9)/(-3)*6/(-18). Calculate o(u).
-7
Let z(a) = -3*a**2 + 2*a - 1. Let d(v) = -2*v**2 + v - 1. Let l(u) = 4*d(u) - 3*z(u). Let w(m) = m + 4. Let c be w(0). What is l(c)?
7
Let f be (8 - 5) + 2*1. Let k(n) = n**2 - 7*n + 3. What is k(f)?
-7
Let x(d) be the second derivative of -1/2*d**2 + 1/6*d**3 + 6*d + 0. Let p be 2/2 - (-1 + 1). Calculate x(p).
0
Suppose -5*f + o + 8 = 0, o = -3*f - 2*f + 12. Let g(r) = r**3 